s 20 divide 3242244?
False
Is 3 a factor of 1380809?
False
Is 204 a factor of 19927536?
True
Is 10735803 a multiple of 13?
True
Does 271 divide 22956139?
True
Is 3268576 a multiple of 368?
True
Is 426925 a multiple of 49?
False
Does 68 divide 24715?
False
Is 2394411 a multiple of 796?
False
Is 12 a factor of 700640?
False
Is 3 a factor of 109564?
False
Is 3241758 a multiple of 78?
True
Does 85 divide 9775?
True
Is 544 a factor of 1480334?
False
Does 16 divide 12096?
True
Does 6 divide 4217592?
True
Is 22 a factor of 855002?
False
Is 7713201 a multiple of 8?
False
Is 528462 a multiple of 20?
False
Is 18 a factor of 5299197?
False
Is 359699 a multiple of 130?
False
Does 702 divide 1965782?
False
Does 562 divide 1002243?
False
Is 10 a factor of 349980?
True
Is 54 a factor of 156816?
True
Is 1947399 a multiple of 221?
False
Does 50 divide 1164100?
True
Is 440645 a multiple of 25?
False
Does 313 divide 20024799?
False
Is 184 a factor of 105800?
True
Does 47 divide 30019?
False
Is 1974434 a multiple of 39?
False
Is 293934 a multiple of 9?
False
Is 15 a factor of 759467?
False
Is 762375 a multiple of 375?
True
Is 225106 a multiple of 276?
False
Is 1435798 a multiple of 46?
True
Is 436 a factor of 599936?
True
Does 16 divide 2054048?
True
Is 30 a factor of 9834004?
False
Is 1037 a factor of 15949809?
False
Is 15 a factor of 2060985?
True
Is 122 a factor of 1784006?
True
Is 227 a factor of 1095275?
True
Does 241 divide 368007?
True
Does 5 divide 3382870?
True
Does 88 divide 45972?
False
Is 234540 a multiple of 102?
False
Is 24 a factor of 4657690?
False
Is 10771439 a multiple of 25?
False
Is 264280 a multiple of 100?
False
Is 76365 a multiple of 15?
True
Is 1828206 a multiple of 3?
True
Does 98 divide 1024688?
True
Is 12763 a multiple of 137?
False
Does 282 divide 2093606?
False
Is 579 a factor of 216546?
True
Is 33 a factor of 266805?
True
Is 3959320 a multiple of 248?
True
Does 10 divide 574320?
True
Is 4 a factor of 465680?
True
Is 1591368 a multiple of 162?
False
Does 272 divide 2608519?
False
Is 50853 a multiple of 23?
True
Does 76 divide 49101?
False
Is 26 a factor of 12558?
True
Is 250 a factor of 1114500?
True
Is 281906 even?
True
Does 96 divide 612192?
True
Is 1402621 a multiple of 47?
True
Is 1476606 even?
True
Is 117 a factor of 548847?
True
Does 14 divide 1962170?
True
Does 76 divide 1522067?
False
Is 46 a factor of 118588?
True
Does 24 divide 18414500?
False
Is 175118 a multiple of 74?
False
Is 1963702 a multiple of 31?
False
Does 25 divide 709099?
False
Is 1114942 a multiple of 362?
False
Does 12 divide 15516?
True
Is 220237 a multiple of 15?
False
Is 14239236 a multiple of 33?
True
Is 610171 a multiple of 7?
False
Is 3 a factor of 226796?
False
Is 474 a factor of 371142?
True
Is 9032777 a multiple of 312?
False
Is 11324332 a multiple of 595?
False
Is 29 a factor of 255526?
False
Is 1842228 a multiple of 57?
False
Is 49 a factor of 275504?
False
Is 55 a factor of 5572071?
False
Is 1126 a factor of 3770974?
True
Is 74 a factor of 10305611?
False
Is 156071 a multiple of 7?
False
Is 32 a factor of 141077?
False
Is 3115528 a multiple of 116?
True
Is 14 a factor of 488740?
True
Does 574 divide 8103158?
True
Does 12 divide 66768?
True
Is 346 a factor of 4582424?
True
Does 154 divide 18942?
True
Is 45 a factor of 1952737?
False
Is 262 a factor of 215524?
False
Does 22 divide 424842?
True
Is 191 a factor of 42304?
False
Does 38 divide 55436?
False
Is 2929535 a multiple of 35?
True
Is 3962583 a multiple of 626?
False
Is 1286 a multiple of 61?
False
Does 32 divide 748452?
False
Is 4359520 a multiple of 5?
True
Is 82 a factor of 208526?
True
Is 671235 a multiple of 28?
False
Is 367430 a multiple of 14?
True
Is 2722500 a multiple of 66?
True
Is 401 a factor of 2512223?
False
Does 32 divide 58528?
True
Is 13 a factor of 154783?
False
Is 20 a factor of 191425?
False
Is 620935 a multiple of 47?
False
Is 80 a factor of 888213?
False
Is 935163 a multiple of 106?
False
Does 33 divide 2660922?
True
Does 712 divide 1371312?
True
Is 393704 a multiple of 105?
False
Does 31 divide 6282274?
True
Is 410 a factor of 3855246?
False
Is 186426 a multiple of 9?
True
Does 209 divide 138776?
True
Is 17 a factor of 120785?
True
Is 275256 a multiple of 43?
False
Is 62499 a multiple of 251?
True
Is 787383 a multiple of 9?
True
Is 40 a factor of 536840?
True
Does 38 divide 181716?
True
Does 92 divide 529519?
False
Is 129 a factor of 910482?
True
Is 171657 a multiple of 37?
False
Is 85386 a multiple of 3?
True
Does 27 divide 307006?
False
Does 10 divide 31025427?
False
Does 17 divide 956363?
False
Is 3855118 a multiple of 31?
False
Is 62 a factor of 386522?
False
Does 1020 divide 6725880?
True
Is 9360 a multiple of 309?
False
Does 11 divide 174311?
False
Is 525951 a multiple of 42?
False
Is 232023 a multiple of 11?
True
Is 7477499 a multiple of 140?
False
Is 311872 a multiple of 32?
True
Is 45 a factor of 8102399?
False
Is 128 a factor of 555776?
True
Does 54 divide 1219823?
False
Does 24 divide 2702404?
False
Does 46 divide 1018869?
False
Is 12112139 a multiple of 145?
False
Is 1539 a factor of 11961592?
False
Is 5304286 a multiple of 403?
True
Does 11 divide 609829?
True
Does 65 divide 2945865?
True
Is 9 a factor of 266875?
False
Is 539 a factor of 278339?
False
Is 281886 even?
True
Is 197685 a multiple of 5?
True
Does 5 divide 34555?
True
Is 476 a factor of 1916867?
False
Is 469674 a multiple of 2?
True
Is 4 a factor of 47828?
True
Is 16364960 a multiple of 40?
True
Is 116 a factor of 359252?
True
Is 180 a factor of 452235?
False
Is 153 a factor of 1494725?
False
Does 138 divide 87492?
True
Is 196972 a multiple of 92?
True
Is 187514 a multiple of 8?
False
Is 56 a factor of 223272?
True
Is 43 a factor of 398071?
False
Is 87 a factor of 2149328?
False
Is 484190 a multiple of 657?
False
Is 232000 a multiple of 400?
True
Is 390 a factor of 903556?
False
Is 356126 a multiple of 97?
False
Does 417 divide 584634?
True
Does 249 divide 181770?
True
Does 212 divide 184228?
True
Is 43389 a multiple of 9?
True
Does 307 divide 2661212?
False
Is 36 a factor of 1580832?
True
Does 404 divide 1489706?
False
Is 29 a factor of 169773?
False
Is 3969823 a multiple of 221?
True
Is 451584 a multiple of 9?
True
Does 34 divide 586466?
True
Is 6656034 a multiple of 21?
True
Does 46 divide 34270?
True
Does 123 divide 92496?
True
Does 40 divide 2461800?
True
Does 246 divide 313158?
True
Is 30 a factor of 339402?
False
Is 651450 a multiple of 303?
True
Is 697 a factor of 1060946?
False
Is 73 a factor of 1758716?
True
Is 369675 a multiple of 3?
True
Is 14789414 a multiple of 18?
False
Is 269094 a multiple of 3?
True
Is 7 a factor of 2266082?
True
Is 1640688 a multiple of 19?
True
Does 6 divide 254646?
True
Is 2561616 a multiple of 42?
False
Is 273064 a multiple of 58?
True
Does 420 divide 592455?
False
Is 3510889 a multiple of 6?
False
Is 37 a factor of 984422?
True
Is 71 a factor of 12881388?
True
Is 127 a factor of 1236345?
True
Is 130 a factor of 544694?
False
Does 45 divide 5586?
False
Does 249 divide 167577?
True
Is 7 a factor of 394730?
True
Is 793 a factor of 711812?
False
Is 1646508 a multiple of 4?
True
Is 100 a factor of 27500?
True
Is 25 a factor of 10760796?
False
Is 1516395 a multiple of 3?
True
Is 6 a factor of 28451?
False
Is 3545035 a multiple of 13?
True
Is 369743 a multiple of 11?
True
Is 14 a factor of 39002616?
False
Does 17 divide 2324869?
True
Does 17 divide 4528154?
True
Is 6 a factor of 50531?
False
Does 120 divide 50279?
False
Is 75 a factor of 58024?
False
Is 270 a factor of 899548?
False
Is 570926 a multiple of 47?
False
Is 24 a factor of 190972?
False
Does 46 divide 623714?
True
Is 12791 a multiple of 42?
False
Is 285655 a multiple of 5?
True
Is 1068480 a multiple of 672?
True
Does 3 divide 1596825?
True
Does 1189 divide 499380?
True
Is 2289342 a multiple of 26?
False
Is 109098 a multiple of 431?
False
Is 1175130 a multiple of 100?
False
Does 285 divide 6473775?
True
Does 33 divide 22473?
True
Does 527 divide 2323629?
False
Is 7693664 a multiple of 16?
True
Is 5197270 a multiple of 292?
False
Does 97 divide 244036?
False
Is 3310637 a multiple of 2?
False
Is 473 a factor of 5386188?
False
Is 1102325 a multiple of 35?
True
Does 164 divide 10750954?
False
Is 40 a factor o